rime factors of 6491121.
3, 7, 13, 31, 59
What are the prime factors of 253926?
2, 3, 14107
List the prime factors of 2903027.
2903027
List the prime factors of 7390485.
3, 5, 164233
What are the prime factors of 293044?
2, 61, 1201
List the prime factors of 720665.
5, 11, 13103
What are the prime factors of 289608?
2, 3, 11, 1097
List the prime factors of 8938774.
2, 13, 343799
What are the prime factors of 17842676?
2, 83, 223, 241
List the prime factors of 14016699.
3, 19, 89, 307
List the prime factors of 2169907.
31, 69997
What are the prime factors of 37016361?
3, 17, 23, 67, 157
What are the prime factors of 314813?
314813
List the prime factors of 978412.
2, 244603
List the prime factors of 18656.
2, 11, 53
List the prime factors of 1562903.
113, 13831
What are the prime factors of 68073?
3, 22691
What are the prime factors of 2152898?
2, 11, 97859
What are the prime factors of 179170?
2, 5, 19, 23, 41
List the prime factors of 41088.
2, 3, 107
List the prime factors of 70643.
41, 1723
List the prime factors of 618468.
2, 3, 51539
List the prime factors of 3222563.
607, 5309
What are the prime factors of 497680?
2, 5, 6221
What are the prime factors of 1920460?
2, 5, 131, 733
What are the prime factors of 5370624?
2, 3, 7, 37
List the prime factors of 217814.
2, 108907
What are the prime factors of 36022857?
3, 13, 227, 313
What are the prime factors of 134277?
3, 11, 13, 313
What are the prime factors of 27764?
2, 11, 631
What are the prime factors of 536950?
2, 5, 10739
What are the prime factors of 231578?
2, 89, 1301
What are the prime factors of 1331355?
3, 5, 17, 23, 227
What are the prime factors of 6704424?
2, 3, 31039
What are the prime factors of 5586880?
2, 5, 13, 17, 79
List the prime factors of 28760714.
2, 14380357
What are the prime factors of 3392823?
3, 7, 161563
What are the prime factors of 51942?
2, 3, 11, 787
What are the prime factors of 2087210?
2, 5, 208721
What are the prime factors of 11683440?
2, 3, 5, 601
What are the prime factors of 1028652?
2, 3, 23, 3727
List the prime factors of 3813844.
2, 157, 6073
What are the prime factors of 6754197?
3, 349, 6451
List the prime factors of 4824162.
2, 3, 7, 38287
What are the prime factors of 2393143?
233, 10271
What are the prime factors of 1270875?
3, 5, 3389
What are the prime factors of 14799432?
2, 3, 616643
List the prime factors of 16990518.
2, 3, 2831753
List the prime factors of 443456.
2, 13, 41
What are the prime factors of 6024361?
7, 860623
List the prime factors of 6373319.
6373319
List the prime factors of 169231.
229, 739
List the prime factors of 14594881.
7, 2084983
List the prime factors of 266566.
2, 133283
What are the prime factors of 364869?
3, 71, 571
What are the prime factors of 225895?
5, 45179
List the prime factors of 5144790.
2, 3, 5, 7, 24499
List the prime factors of 195797.
7, 83, 337
What are the prime factors of 30073401?
3, 3341489
What are the prime factors of 16639481?
17, 41, 23873
What are the prime factors of 380727?
3, 59, 239
What are the prime factors of 53876?
2, 13469
List the prime factors of 5821907.
7, 13, 63977
List the prime factors of 5156239.
11, 19, 24671
List the prime factors of 32035219.
199, 160981
What are the prime factors of 23658947?
13, 37, 101, 487
List the prime factors of 420199.
13, 32323
List the prime factors of 6243609.
3, 19, 109537
List the prime factors of 2744417.
13, 19, 41, 271
List the prime factors of 5501257.
41, 134177
List the prime factors of 3708313.
7, 23, 31, 743
List the prime factors of 2081915.
5, 11, 37853
List the prime factors of 2757022.
2, 1378511
List the prime factors of 1301000.
2, 5, 1301
List the prime factors of 18439854.
2, 3, 31, 99139
List the prime factors of 1656278.
2, 13, 63703
What are the prime factors of 201614?
2, 7, 14401
What are the prime factors of 6700772?
2, 13, 128861
What are the prime factors of 23946873?
3, 2213, 3607
List the prime factors of 5430292.
2, 7, 193939
What are the prime factors of 229635?
3, 5, 7
What are the prime factors of 750049?
43, 17443
What are the prime factors of 2829467?
2829467
What are the prime factors of 615095?
5, 13, 9463
What are the prime factors of 44262?
2, 3, 2459
List the prime factors of 1647639.
3, 7, 26153
What are the prime factors of 312772?
2, 78193
List the prime factors of 2865613.
37, 41, 1889
List the prime factors of 383582.
2, 191791
List the prime factors of 2467184.
2, 271, 569
List the prime factors of 110440.
2, 5, 11, 251
What are the prime factors of 1109338?
2, 554669
List the prime factors of 454953.
3, 151651
What are the prime factors of 3415094?
2, 449, 3803
What are the prime factors of 546415?
5, 103, 1061
List the prime factors of 40926.
2, 3, 19, 359
List the prime factors of 5152273.
7, 736039
What are the prime factors of 52042?
2, 26021
List the prime factors of 1943791.
1943791
List the prime factors of 247431.
3, 67, 1231
What are the prime factors of 861925?
5, 23, 1499
What are the prime factors of 9300486?
2, 3, 13, 119237
What are the prime factors of 4098997?
7, 83653
List the prime factors of 195391.
7, 103, 271
List the prime factors of 39641566.
2, 173, 114571
What are the prime factors of 1834459?
11, 79, 2111
List the prime factors of 133307.
109, 1223
List the prime factors of 14757184.
2, 13, 17737
What are the prime factors of 58148?
2, 14537
List the prime factors of 114692.
2, 53, 541
List the prime factors of 3415426.
2, 7, 53, 4603
List the prime factors of 2565452.
2, 41, 15643
List the prime factors of 18443.
18443
What are the prime factors of 249915?
3, 5, 16661
What are the prime factors of 4458409?
4458409
What are the prime factors of 559001?
559001
List the prime factors of 4467590.
2, 5, 446759
What are the prime factors of 245983?
245983
List the prime factors of 216037.
216037
List the prime factors of 19947730.
2, 5, 11, 41, 4423
List the prime factors of 30625778.
2, 15312889
What are the prime factors of 8243972?
2, 11, 17033
What are the prime factors of 252433?
17, 31, 479
What are the prime factors of 13343347?
37, 47, 7673
What are the prime factors of 2559197?
17, 47, 3203
What are the prime factors of 135721?
135721
What are the prime factors of 334020?
2, 3, 5, 19, 293
What are the prime factors of 4602974?
2, 101, 22787
What are the prime factors of 20195604?
2, 3, 11, 13, 3923
What are the prime factors of 369868?
2, 92467
List the prime factors of 21451812.
2, 3, 1787651
What are the prime factors of 538838?
2, 269419
What are the prime factors of 4169808?
2, 3, 23, 1259
What are the prime factors of 679002?
2, 3, 113167
What are the prime factors of 263279?
17, 911
What are the prime factors of 1482565?
5, 7, 42359
List the prime factors of 600088.
2, 75011
List the prime factors of 1343843.
59, 22777
What are the prime factors of 162537?
3, 17, 3187
List the prime factors of 182275.
5, 23, 317
List the prime factors of 6721378.
2, 3360689
List the prime factors of 1425999.
3, 475333
What are the prime factors of 277266?
2, 3, 11, 4201
What are the prime factors of 29224440?
2, 3, 5, 7, 11597
List the prime factors of 40669434.
2, 3, 13, 151, 1151
List the prime factors of 15299719.
71, 229, 941
List the prime factors of 15741461.
29, 79, 6871
What are the prime factors of 717159?
3, 239053
What are the prime factors of 5964658?
2, 7, 79, 5393
List the prime factors of 81533.
81533
List the prime factors of 2730960.
2, 3, 5, 3793
What are the prime factors of 8094513?
3, 7, 19, 20287
What are the prime factors of 4484752?
2, 280297
List the prime factors of 389954.
2, 194977
List the prime factors of 3904460.
2, 5, 7, 167
List the prime factors of 4930485.
3, 5, 7, 46957
What are the prime factors of 366781?
23, 37, 431
List the prime factors of 372188.
2, 93047
What are the prime factors of 121292?
2, 30323
List the prime factors of 746458.
2, 373229
What are the prime factors of 244993?
7, 31, 1129
What are the prime factors of 945325?
5, 37813
List the prime factors of 7630932.
2, 3, 19, 33469
List the prime factors of 11245.
5, 13, 173
What are the prime factors of 116392?
2, 14549
List the prime factors of 28992.
2, 3, 151
List the prime factors of 1055179.
83, 12713
What are the prime factors of 8853082?
2, 7, 632363
List the pr